y = q - 9. What are the prime factors of y?
3
Suppose 0*l = 2*l - 22. List the prime factors of l.
11
Let s = -24 + 101. What are the prime factors of s?
7, 11
Suppose 12 + 3 = 5*q. Suppose i = q*i - 38. What are the prime factors of i?
19
Let o = 125 - 70. List the prime factors of o.
5, 11
What are the prime factors of (-2 - 77)/((-2)/2)?
79
Let i = 124 + 34. Suppose u + 4*p = p + 43, -4*u + 2*p = -i. Suppose 0 = 4*x - 2*c - u, -c = 3*x + c - 16. List the prime factors of x.
2
Suppose -4*h - c = -2*c - 15, h + 5*c = 9. Suppose -n = -3*t - 10, 0 = h*t + 20 - 0. Let k = n + 11. List the prime factors of k.
2, 3
Let z be 5*(1 - 0)*1. Let g(s) = 24*s + 6. Let c be g(2). Suppose 0 = -5*j + 3*p + c, 2*j = z*j + 3*p - 42. List the prime factors of j.
2, 3
Suppose -q - 4*q = 0. List the prime factors of 9 - q*2/8.
3
Suppose l - 2 - 3 = 0. Suppose -4 = l*r - 24. Suppose 0 = r*u - 5*u + 6. What are the prime factors of u?
2, 3
Let p(g) = -g**3 - 5*g - 5. List the prime factors of p(-4).
79
Let r(f) = -f**3 - 9*f**2 - 10*f - 6. Suppose -4*t - 20 = 5*n, n = -0*n - 5*t + 17. Let s be r(n). Let o = -5 + s. List the prime factors of o.
5
Suppose -6*q - 20 = -2*q, -5*x + 30 = -q. Let n(k) = -k**2 - x*k + 11*k + 1 + 0. What are the prime factors of n(5)?
2, 3
Let q be 4/14 - 172/14. Suppose -4*i + 5*i + 4*m = -30, -i = -m + 30. Let j = q - i. What are the prime factors of j?
2, 3
Let p be (-46)/14 - 2/(-7). What are the prime factors of 21/(-4)*8/p?
2, 7
Suppose y = 2*y - 132. Suppose y = 4*n - 0*n. Suppose 4*q - n = -3*l, 4 = 2*q - l - 5. What are the prime factors of q?
2, 3
Let g = 5 + -3. Suppose 5*m - 2*n - 13 = -g, -8 = -2*m - n. Let w = m - -2. List the prime factors of w.
5
Let t(a) = -2 - 4 + a + 4. Let w be t(2). Suppose -3*f + 1 + 20 = w. List the prime factors of f.
7
Suppose t + t + 50 = 2*z, 0 = 3*t. Suppose -2*f - z = -7*f. List the prime factors of f.
5
Let s(o) = 4*o + 1. Suppose -3 = 5*z + 2. Let g = 0 - z. What are the prime factors of s(g)?
5
Let m = 8 + 6. List the prime factors of m.
2, 7
Suppose -6*b + 8*b = 100. What are the prime factors of b?
2, 5
Suppose 2*p - 3*d - 294 = 0, d = -4*p + 2*d + 578. Suppose y - 5*y + p = 0. Suppose 2 = 3*c + 5*q - 1, 5*c = 2*q + y. What are the prime factors of c?
2, 3
Let i be 6/18 + (-1)/3. Suppose i = -4*b - 2*r + 46, -3*r + 5*r = -6. List the prime factors of b.
13
Suppose r + 3*r = 388. List the prime factors of r.
97
Let f(h) = 13*h - 1. Let t be f(-3). Let j be 6/(-5)*t/4. Let d = j - 8. What are the prime factors of d?
2
Suppose 2*s + 28 + 34 = 0. Let x = -13 - s. List the prime factors of x.
2, 3
Let h = -33 + 137. List the prime factors of h.
2, 13
Let g = -22 + 47. What are the prime factors of g?
5
Let y = -61 + 97. List the prime factors of y.
2, 3
Suppose -2*q = 3*q - 25. Suppose 3*b - 13 = q. List the prime factors of b.
2, 3
Suppose -w + 3 = -9. Let f = w - 6. List the prime factors of f.
2, 3
Suppose d + 9 = 67. What are the prime factors of d?
2, 29
What are the prime factors of (5 - -30) + (0 - 0 - 1)?
2, 17
Suppose 0 = -5*r - 7*d + 2*d - 10, -4*d = 5*r + 14. What are the prime factors of 122/10 + r/30?
2, 3
Let f(m) = m**2 - m - 1. List the prime factors of f(-3).
11
What are the prime factors of 28*(-3 + 1 - -4)?
2, 7
Let v(p) be the first derivative of -p**2/2 - 4*p - 5. What are the prime factors of v(-10)?
2, 3
Suppose q + 3*q = 136. Let v = q + -24. What are the prime factors of v?
2, 5
Let f(a) = -2*a. Let u be f(3). List the prime factors of (-1 - -2)/((-1)/u).
2, 3
Let q = -5 - -8. Suppose 5*z = -q*u - 88, -2*u - u = z + 8. What are the prime factors of ((-3)/2)/(15/z)?
2
Let t(n) = -n**2 + 9*n - 11. Let c be t(9). Let q = c + 16. Suppose 2*h = -4*i - 3*h + 10, -q*h = i + 5. What are the prime factors of i?
5
Let q = 56 + -51. What are the prime factors of q?
5
Suppose -j + m + 56 = 0, j - 7 = 4*m + 64. What are the prime factors of j?
3, 17
Let p(n) = 2*n**3 - 6*n**2 + 3*n + 14. List the prime factors of p(6).
2, 31
Suppose 0 = -5*g + o + 105, -3*g = -8*g - o + 115. Let d = g - 6. What are the prime factors of d?
2
Let k be 42 + (-2)/(1/(-1)). Let m = k + 4. Suppose 0 = -5*c - x + m, -2*c - x = -5*x - 6. List the prime factors of c.
3
Let p = 105 - 154. Let m = -34 - p. List the prime factors of m.
3, 5
Suppose 17 - 5 = 4*x. Suppose -x*m - 11 + 47 = 0. What are the prime factors of m?
2, 3
Let i be (3 + -9)*(-14)/4. Let j = i + 2. List the prime factors of j.
23
Let x = -50 + 73. What are the prime factors of x?
23
Let g(x) = -x + 1. Let w be g(-3). Let s be ((-12)/(-16))/(1/w). List the prime factors of 1/s - 100/(-15).
7
Let g(i) = -4 + 10 + i**2 - 17*i + 15 + 2. List the prime factors of g(17).
23
Let z be (-6)/8 - (-57)/12. Suppose -3*w - 33 = -z*k, -3 = -k - 0*w - w. What are the prime factors of k?
2, 3
Let p(c) = c + 19. Suppose 0 = -k + 5*i - 30, 3*k - 3*i + 18 = -6*i. What are the prime factors of p(k)?
3
Suppose -420 = -k - 6*k. What are the prime factors of k?
2, 3, 5
Let j = 3 - 3. Let u = 18 - j. List the prime factors of u.
2, 3
Let l = 4 + -2. Suppose 0*w - 4 = -l*w. What are the prime factors of w?
2
Let g be 6*((-12)/(-9) - 2). Let u(x) = x**2 + 4*x + 4. What are the prime factors of u(g)?
2
Let r(u) = -6*u**2 + u + 1. Let z be r(-1). What are the prime factors of (27/z)/((-2)/8)?
2, 3
Let a(i) = -27*i - 5. What are the prime factors of a(-5)?
2, 5, 13
Let n = 39 - -111. What are the prime factors of n?
2, 3, 5
Suppose -2*o + 4 = -10. Let z = o - -29. What are the prime factors of z?
2, 3
Let z(v) = -v**2 - 29. Let l be z(0). Let h = -16 - l. Suppose h = 3*y + 4. List the prime factors of y.
3
Let g(l) = l. Let o(p) = -1. Let s(w) = 2*g(w) + o(w). Let i(q) = q + 4. Let r be i(0). List the prime factors of s(r).
7
List the prime factors of 317/4 - (-3)/(-12).
79
Let v(j) = -21*j - 8. What are the prime factors of v(-7)?
139
Suppose -5*v = -v + 112. Let i = v - -51. List the prime factors of i.
23
Let p = -113 - -259. What are the prime factors of p?
2, 73
What are the prime factors of (5 - 1)/(-2)*(-164)/8?
41
Let f = -69 - -134. What are the prime factors of f?
5, 13
Let t(w) = w**2 + 7*w - 6. Let p be t(-8). Suppose p - 1 = -r. What are the prime factors of (-22)/r*(-1)/(-2)?
11
Let f = 4 + -2. Suppose f*c - 3 = o, 0*c = c + 4*o + 12. Suppose c = 5*p - y - 29, 3*p - 19 = 4*y - 3*y. List the prime factors of p.
5
Let n = -39 + -43. Let a = -36 - n. What are the prime factors of a?
2, 23
Let p(y) = -y**2 - 10*y - 4. Suppose 2*k = -d - 0*k + 12, k - 20 = -4*d. Suppose 4*g - d = -q - 0*g, -1 = -q - 3*g. List the prime factors of p(q).
2, 3
Let h be ((-156)/3)/(-2)*2. Suppose 0 = -13*u + 11*u + h. What are the prime factors of u?
2, 13
Suppose -2*r + 2 + 2 = 0. Suppose 5*o - 35 = -5*s, r*s = -0*s + 2*o + 30. What are the prime factors of s?
11
Suppose -5 = 4*k - 5*k. Suppose 4*x = -k*m - 4 - 1, 0 = -2*m + 3*x + 21. Suppose -3*h - 5*y = -23, 2*y + 9 = h + m*y. What are the prime factors of h?
11
Suppose 5*z + 3*d - 360 = 0, -3*d + 2*d + 144 = 2*z. List the prime factors of z.
2, 3
Suppose 5*w - 12 = 3*w. Suppose -2*v = -w + 2. Let c(g) = 2*g**2 - 2*g. List the prime factors of c(v).
2
Let m(b) be the third derivative of b**5/12 + b**4/8 + 4*b**2. Let q be (2 + 1)*2/(-3). What are the prime factors of m(q)?
2, 7
Suppose z - 6*z = -105. List the prime factors of z.
3, 7
Suppose 3*l - f = 6, -2*l + 4*f = -0*l + 6. Suppose 4*u + l*g - 111 = 0, 15 = 4*g - g. What are the prime factors of u?
2, 3
Suppose -4*g = -3*g - 5*n - 32, 3*g - 2*n = 135. Suppose g = 5*l + 2. List the prime factors of l.
3
Let a be ((-39)/2)/1*-2. Suppose 9 + 9 = r + 2*h, -h = 3*r - a. What are the prime factors of r?
2, 3
Let l(o) = -o**3 - 9*o**2 - 9. Let p be l(-9). List the prime factors of (52/12)/((-1)/p).
3, 13
Let j(z) be the third derivative of -z**4/4 - z**3/3 + 5*z**2. List the prime factors of j(-3).
2
Let v(a) = -a**3 - 2*a**2 - 3*a - 4 - a**2 + 3*a**2. List the prime factors of v(-2).
2, 5
List the prime factors of 3*33 + (-1 - -4).
2, 3, 17
Let j = 15 - 13. Let h(q) = -q**3 - 3*q**2 + q + 4. Let o be h(-4). Suppose j*k - 8 = k - a, 2*k - 5*a = o. What are the prime factors of k?
2
Let n(p) = -7*p - 4. Let j be n(-2). Let x be ((-12)/20)/((-2)/10). Suppose x*d - 11 = j. List 